{"id":3972,"date":"2024-06-28T08:22:08","date_gmt":"2024-06-28T06:22:08","guid":{"rendered":"https:\/\/www.turmares.com\/fauna\/balearen-sturmtaucher\/"},"modified":"2025-02-13T22:12:39","modified_gmt":"2025-02-13T21:12:39","slug":"balearen-sturmtaucher","status":"publish","type":"fauna","link":"https:\/\/www.turmares.com\/de\/fauna\/balearen-sturmtaucher\/","title":{"rendered":"Balearensturmtaucher"},"content":{"rendered":"<p>Ein <strong>mittelgro\u00dfer Vogel mit kleinem Kopf und schmalem, grauem Schnabel<\/strong>. Die Oberseite ist graubraun, der Unterbauch und die Unterfl\u00fcgel sind cremefarben. Schneller Schlagflug, der von kurzen Gleitfl\u00fcgen unterbrochen wird. Fliegt meist sehr dicht \u00fcber der Wasseroberfl\u00e4che. Der Vogel ist <strong>eine endemische Art der Balearen<\/strong> und br\u00fctet nur auf diesen Inseln. Er ern\u00e4hrt sich von <strong>kleinen Fischen und Kopff\u00fc\u00dfern<\/strong>.<\/p>\n","protected":false},"featured_media":3074,"parent":0,"template":"","class_list":["post-3972","fauna","type-fauna","status-publish","has-post-thumbnail","hentry"],"acf":[],"_links":{"self":[{"href":"https:\/\/www.turmares.com\/de\/wp-json\/wp\/v2\/fauna\/3972","targetHints":{"allow":["GET"]}}],"collection":[{"href":"https:\/\/www.turmares.com\/de\/wp-json\/wp\/v2\/fauna"}],"about":[{"href":"https:\/\/www.turmares.com\/de\/wp-json\/wp\/v2\/types\/fauna"}],"wp:featuredmedia":[{"embeddable":true,"href":"https:\/\/www.turmares.com\/de\/wp-json\/wp\/v2\/media\/3074"}],"wp:attachment":[{"href":"https:\/\/www.turmares.com\/de\/wp-json\/wp\/v2\/media?parent=3972"}],"curies":[{"name":"wp","href":"https:\/\/api.w.org\/{rel}","templated":true}]}}

<p>Ein <strong>mittelgroßer Vogel mit kleinem Kopf und schmalem, grauem Schnabel</strong>. Die Oberseite ist graubraun, der Unterbauch und die Unterflügel sind cremefarben. Schneller Schlagflug, der von kurzen Gleitflügen unterbrochen wird. Fliegt meist sehr dicht über der Wasseroberfläche. Der Vogel ist <strong>eine endemische Art der Balearen</strong> und brütet nur auf diesen Inseln. Er ernährt sich von <strong>kleinen Fischen und Kopffüßern</strong>.</p>
